d by 528.
33
What is the remainder when 71181340 is divided by 2369?
2366
Calculate the remainder when 17702 is divided by 1360.
22
Calculate the remainder when 129453 is divided by 32358.
21
What is the remainder when 6052531 is divided by 302624?
51
What is the remainder when 61151 is divided by 7838?
6285
What is the remainder when 23177812 is divided by 384?
340
What is the remainder when 12554776 is divided by 836984?
16
What is the remainder when 57657478 is divided by 115546?
24
What is the remainder when 575862 is divided by 191861?
279
What is the remainder when 368514 is divided by 160?
34
Calculate the remainder when 26471 is divided by 1972.
835
Calculate the remainder when 150733 is divided by 6.
1
What is the remainder when 352512 is divided by 3836?
3436
What is the remainder when 123335358 is divided by 16?
14
What is the remainder when 3628468 is divided by 804?
16
What is the remainder when 98616 is divided by 78?
24
Calculate the remainder when 472507 is divided by 1051.
608
What is the remainder when 122764 is divided by 34?
24
Calculate the remainder when 1467683 is divided by 16668.
899
What is the remainder when 23150683 is divided by 587?
577
What is the remainder when 7992674 is divided by 10889?
148
What is the remainder when 104417 is divided by 5?
2
What is the remainder when 70089363 is divided by 286079?
8
Calculate the remainder when 171163839 is divided by 787.
783
Calculate the remainder when 299169835 is divided by 121.
118
Calculate the remainder when 16183 is divided by 256.
55
What is the remainder when 222421 is divided by 566?
549
Calculate the remainder when 31881597 is divided by 32.
29
What is the remainder when 3360917 is divided by 672170?
67
Calculate the remainder when 5257872 is divided by 13.
9
Calculate the remainder when 15301262 is divided by 485.
482
Calculate the remainder when 23687 is divided by 987.
986
Calculate the remainder when 1666508 is divided by 22220.
8
What is the remainder when 3358856 is divided by 3647?
3616
Calculate the remainder when 947876 is divided by 17.
7
What is the remainder when 2418442 is divided by 604586?
98
What is the remainder when 852625 is divided by 1343?
1163
What is the remainder when 297523 is divided by 297461?
62
What is the remainder when 525967 is divided by 693?
673
What is the remainder when 4028672 is divided by 575522?
18
Calculate the remainder when 376194 is divided by 198.
192
What is the remainder when 3593456 is divided by 1796588?
280
What is the remainder when 556703 is divided by 75?
53
Calculate the remainder when 597566 is divided by 231.
200
Calculate the remainder when 157647578 is divided by 382.
380
Calculate the remainder when 3382638 is divided by 6.
0
What is the remainder when 59923591 is divided by 59923577?
14
Calculate the remainder when 82274 is divided by 110.
104
What is the remainder when 13047 is divided by 1079?
99
Calculate the remainder when 163513 is divided by 1301.
888
What is the remainder when 1332648 is divided by 43?
35
Calculate the remainder when 52582 is divided by 4265.
1402
Calculate the remainder when 34748 is divided by 2467.
210
What is the remainder when 406853 is divided by 704?
645
Calculate the remainder when 32421 is divided by 16166.
89
Calculate the remainder when 5342450 is divided by 221.
217
What is the remainder when 522041 is divided by 6520?
441
Calculate the remainder when 3649113 is divided by 245.
83
Calculate the remainder when 473051 is divided by 157679.
14
Calculate the remainder when 3660236 is divided by 324.
8
What is the remainder when 506004 is divided by 3771?
690
Calculate the remainder when 80336954 is divided by 3162.
20
What is the remainder when 12825537 is divided by 1472?
1
Calculate the remainder when 376094 is divided by 188002.
90
What is the remainder when 824467 is divided by 1877?
464
What is the remainder when 10660255 is divided by 329?
326
What is the remainder when 13190330 is divided by 19?
17
Calculate the remainder when 459468 is divided by 5901.
5091
What is the remainder when 7385739 is divided by 30?
9
Calculate the remainder when 531844 is divided by 76.
72
Calculate the remainder when 67310678 is divided by 13462134.
8
What is the remainder when 4459439 is divided by 343033?
10
Calculate the remainder when 809 is divided by 78.
29
Calculate the remainder when 15784161 is divided by 7892080.
1
Calculate the remainder when 6587453 is divided by 1984.
573
Calculate the remainder when 116344738 is divided by 564.
562
What is the remainder when 275730047 is divided by 25?
22
Calculate the remainder when 106968171 is divided by 172.
167
What is the remainder when 451640 is divided by 408?
392
What is the remainder when 1346629 is divided by 278?
275
What is the remainder when 246068 is divided by 39745?
7598
What is the remainder when 157720 is divided by 238?
164
What is the remainder when 4335237 is divided by 30?
27
Calculate the remainder when 104091 is divided by 1602.
1563
Calculate the remainder when 5648 is divided by 50.
48
What is the remainder when 553141 is divided by 57?
13
What is the remainder when 74288881 is divided by 11394?
1
What is the remainder when 8622053 is divided by 6349?
111
Calculate the remainder when 15453626 is divided by 253338.
8
Calculate the remainder when 57760700 is divided by 3037.
3034
Calculate the remainder when 41624944 is divided by 258.
256
Calculate the remainder when 329161 is divided by 2772.
2065
What is the remainder when 141026 is divided by 990?
446
What is the remainder when 3513091 is divided by 878272?
3
What is the remainder when 87487737 is divided by 30?
27
Calculate the remainder when 626330 is divided by 209.
166
What is the remainder when 399053 is divided by 1976?
1877
What is the remainder when 12623486 is divided by 4207791?
113
Calculate the remainder when 2324089 is divided by 27.
10
What is the remainder when 44196284 is divided by 172?
24
Calculate the remainder when 1240425 is divided by 15127.
11
What is the remainder when 3405381 is divided by 24?
21
What is the remainder when 28257352 is divided by 25?
2
What is the remainder when 110954 is divided by 1753?
515
What is the remainder when 3619326 is divided by 1206432?
30
What is the remainder when 10244907 is divided by 29?
19
Calculate the remainder when 539401808 is divided by 10.
8
Calculate the remainder when 38246 is divided by 3785.
396
What is the remainder when 430708426 is divided by 286185?
1
What is the remainder when 387021 is divided by 12145?
10526
What is the remainder when 81844363 is divided by 179?
14
Calculate the remainder when 193120 is divided by 947.
879
Calculate the remainder when 8102776 is divided by 4051383.
10
Calculate the remainder when 1671145 is divided by 2048.
2025
Calculate the remainder when 12284649 is divided by 12284643.
6
What is the remainder when 29145315 is divided by 307?
270
Calculate the remainder when 11323567 is divided by 141.
139
What is the remainder when 892521 is divided by 35700?
21
What is the remainder when 32397578 is divided by 621?
8
Calculate the remainder when 21516171 is divided by 38.
1
Calculate the remainder when 30401576 is divided by 1125983.
35
What is the remainder when 38732370 is divided by 2181?
2172
Calculate the remainder when 788359 is divided by 217.
215
Calculate the remainder when 3896180 is divided by 779235.
5
What is the remainder when 3004935 is divided by 214638?
3
Calculate the remainder when 17020311 is divided by 18184.
87
What is the remainder when 239130 is divided by 5912?
2650
Calculate the remainder when 31226 is divided by 695.
646
What is the remainder when 191670495 is divided by 70?
65
What is the remainder when 176469 is divided by 1063?
11
What is the remainder when 9882971 is divided by 90?
71
What is the remainder when 289196 is divided by 289150?
46
What is the remainder when 46225 is divided by 135?
55
Calculate the remainder when 1297796 is divided by 324440.
36
What is the remainder when 24800593 is divided by 28?
13
What is the remainder when 8486191 is divided by 471454?
19
What is the remainder when 12215881 is divided by 4071960?
1
Calculate the remainder when 14398450 is divided by 142.
76
Calculate the remainder when 33838 i